).
-32
Let a(k) = 4*k**3 + 47*k**2 - 15*k - 34. Determine a(-12).
2
Let a(z) = -4*z**2 - 7*z - 1. Calculate a(-4).
-37
Let h(u) = -3*u**2 - u + 1. Calculate h(2).
-13
Let b(h) = -h**3 + 8*h**2 - 2*h - 3. Determine b(8).
-19
Let f(o) = -o**3 + 3*o**2 + 7*o - 6. Calculate f(4).
6
Let z(b) = -29*b - 5. Give z(-3).
82
Let n(v) = v**3 + 26*v**2 - 25*v + 36. What is n(-27)?
-18
Let h(l) = -3*l + 2. Give h(-12).
38
Let z(k) = -2*k**2 + 8*k - 8. What is z(3)?
-2
Let g(s) = 9*s - 4. Calculate g(0).
-4
Let k(o) = 6*o**3 + 2*o**2 - 7*o + 11. What is k(2)?
53
Let q(r) = 4*r - 13. Determine q(3).
-1
Let z(f) = 2*f**3 - 29*f**2 - 11*f - 62. Give z(15).
-2
Let q(i) = -i**2 - 20*i - 56. Give q(-16).
8
Let t(l) = l**3 + 14*l**2 - 15*l + 5. Give t(-15).
5
Let a(k) = -k**3 + 2*k**2 + 8*k + 6. Calculate a(7).
-183
Let s(j) = j**3 - 3*j**2 - 5*j + 4. What is s(3)?
-11
Let b(z) = z**3 - 11*z**2 + 14*z - 5. Give b(9).
-41
Let s(a) = -a**3 + 11*a**2 - 2*a - 1. What is s(11)?
-23
Let v(g) = 25*g + 15. What is v(3)?
90
Let h(d) = -4*d + 22. Calculate h(0).
22
Let f(i) = -i**3 + 2*i**2 + 2*i. Give f(3).
-3
Let v(z) = z**2 + z - 5. Give v(-3).
1
Let n(h) = -h**3 - 6*h**2 - 2*h + 7. What is n(-6)?
19
Let z(y) = y**3 - 10*y**2 + 7*y + 6. What is z(9)?
-12
Let k(g) = g**3 + 6*g**2 - g - 7. Calculate k(-5).
23
Let m(o) = o**2 - 3*o + 7. Calculate m(0).
7
Let p(s) = s**3 + 25*s**2 + s + 16. Calculate p(-25).
-9
Let f(z) = -2*z**2 - z - 9. Determine f(-3).
-24
Let v(a) = 17*a. Calculate v(-1).
-17
Let q(l) = l**3 - 6*l**2 - 8*l - 6. Determine q(7).
-13
Let v(q) = -2*q - 4. Calculate v(-11).
18
Let y(c) = -c**2 - 10*c - 16. Give y(-8).
0
Let i(x) = -18*x. Determine i(-1).
18
Let q(p) = 11*p**2 - 14*p + 14. Give q(1).
11
Let o(d) = -d**3 - 9*d**2 + 11*d + 13. Give o(-10).
3
Let f(u) = -5*u - 31. Give f(-7).
4
Let j(z) = -3*z**2 - 13*z + 15. What is j(-5)?
5
Let m(k) = k**3 - 9*k**2 - 15*k + 25. What is m(10)?
-25
Let v(g) = -g**3 + 3*g**2 + 2*g - 2. What is v(-2)?
14
Let j(i) = i**2 - 10*i - 9. Calculate j(8).
-25
Let s(n) = n**2 - 17*n + 33. Give s(15).
3
Let a(r) = 2*r**3 - 3*r**2 - 4*r + 3. Calculate a(-3).
-66
Let b(w) = 2*w**2 + 28*w + 1. Give b(-13).
-25
Let t(m) = -m - 4. Determine t(-9).
5
Let r(y) = y**2 - 11*y + 34. Determine r(5).
4
Let x(s) = s**2 - 2*s - 23. Give x(5).
-8
Let y(u) = -3*u**3 + 4*u**2 - 2*u + 4. Determine y(2).
-8
Let r(v) = -3*v**2 + 62*v + 3. What is r(21)?
-18
Let r(b) = -b**2 + 2*b + 13. What is r(5)?
-2
Let v(u) = 8*u**3 - 16*u**2 + 2. Give v(1).
-6
Let k(u) = -33*u - 155. Calculate k(-5).
10
Let o(r) = -4*r - 30. What is o(-12)?
18
Let k(u) = u**3 - 45*u**2 + 47*u - 136. Give k(44).
-4
Let i(f) = -4*f**2 + 4*f - 2. Determine i(3).
-26
Let u(g) = -g + 13. Calculate u(5).
8
Let d(l) = -25*l - 3. What is d(-1)?
22
Let j(g) = -g - 6. Give j(-7).
1
Let k(p) = 2*p**3 - 18*p**2. Determine k(9).
0
Let m(b) = -b - 2. Give m(-5).
3
Let o(d) = -d**3 - 4*d**2 - 50*d - 91. Give o(-2).
1
Let n(q) = -2*q**3 + 8*q**2 + 6*q + 1. Calculate n(-2).
37
Let k(s) = s**3 + 9*s**2 + 8*s - 5. Calculate k(-8).
-5
Let y(k) = 8*k - 40. Give y(6).
8
Let v(u) = 8*u + 25. Calculate v(-3).
1
Let j(a) = 16*a + 3. Determine j(-2).
-29
Let o(d) = -9*d**2 + 38*d - 8. Determine o(5).
-43
Let o(l) = l**2 + 8*l - 5. What is o(-7)?
-12
Let s(q) = -q**2 + 16*q - 4. Calculate s(13).
35
Let y(f) = -f**2 - 12*f - 3. Calculate y(-12).
-3
Let g(z) = z**2 - 4*z + 6. What is g(3)?
3
Let i(d) = 9*d**3 + 4*d**2 - 13*d + 3. Give i(2).
65
Let l(w) = 2*w**2 - 15*w + 14. Give l(6).
-4
Let y(u) = 3*u - 10. What is y(-8)?
-34
Let u(r) = -r**3 + r**2 - 2*r - 16. Calculate u(0).
-16
Let f(z) = -z**2 + 5*z - 15. Determine f(6).
-21
Let p(i) = -i**2 - 2*i. Determine p(-4).
-8
Let w(p) = -2*p**2 - 8*p + 12. What is w(-5)?
2
Let z(o) = o**3 - 8*o**2 + 5*o + 7. Give z(7).
-7
Let o(k) = 29*k**2 - 85*k + 3. Determine o(3).
9
Let g(z) = z**2 + 17*z - 135. What is g(-22)?
-25
Let j(c) = 2*c**3 - 7*c**2 + c - 4. Determine j(3).
-10
Let z(l) = 2*l**3 - 27*l**2 + 14*l + 1. Calculate z(13).
14
Let f(w) = w**2 - 10*w + 5. Determine f(11).
16
Let p(w) = w**3 + 5*w**2 - 6*w + 4. Give p(-6).
4
Let r(b) = 3*b + 1. What is r(2)?
7
Let n(z) = z**3 - 38*z**2 - 39*z - 1. What is n(39)?
-1
Let c(d) = d**2 + 39*d + 367. What is c(-15)?
7
Let c(i) = 3*i**2 + 6*i - 2. Calculate c(-5).
43
Let u(s) = -24*s**3 + s. Calculate u(1).
-23
Let u(w) = 6*w**3 + 4*w**2 - 3*w - 2. Determine u(-1).
-1
Let f(s) = -s + 17. Calculate f(12).
5
Let c(g) = g**3 + 35*g**2 - 34*g + 87. What is c(-36)?
15
Let a(n) = 2*n + 14. Calculate a(-6).
2
Let s(j) = j**2 - 2*j - 23. Determine s(4).
-15
Let w(p) = -p**3 - 2*p**2 - p - 6. Calculate w(0).
-6
Let d(n) = n**3 - 8*n**2 - 7*n + 60. Determine d(8).
4
Let w(q) = -3*q - 49. Determine w(-16).
-1
Let s(d) = 7*d - 24. Give s(5).
11
Let m(u) = u - 65. Calculate m(16).
-49
Let o(r) = -r**3 + 13*r**2 + r - 68. What is o(13)?
-55
Let o(z) = -6*z - 4. Calculate o(-4).
20
Let k(n) = -5*n - 22. Give k(-3).
-7
Let p(j) = 3*j**2 + 13*j - 26. Calculate p(-6).
4
Let f(v) = 4*v - 12. Give f(3).
0
Let k(t) = 2*t + 4. Give k(-7).
-10
Let c(j) = -4*j**2 - 47*j + 9. What is c(-12)?
-3
Let t(m) = -m**2 + 4*m + 7. Calculate t(-2).
-5
Let t(b) = -b**3 + 2*b**2 - b. Give t(2).
-2
Let z(s) = s**2 - 34*s + 9. Calculate z(33).
-24
Let r(t) = t**2 - 22. Calculate r(0).
-22
Let i(q) = -q**3 + 3*q**2 + 4*q + 6. Determine i(4).
6
Let k(g) = 2*g**2 + 23*g - 9. Calculate k(-7).
-72
Let u(i) = -15*i - 165. Determine u(-12).
15
Let v(g) = g**3 + 18*g**2 + g + 15. What is v(-18)?
-3
Let y(b) = -b**3 + 11*b**2 + 15*b - 14. Give y(12).
22
Let y(i) = -i**2 + 5*i - 8. Give y(-6).
-74
Let i(o) = 7*o - 217. Determine i(26).
-35
Let s(x) = -x**2 - 2*x + 5. What is s(-4)?
-3
Let f(h) = -3*h + 62. Calculate f(12).
26
Let u(w) = -w**3 + 21*w**2 + 20*w + 36. Give u(22).
-8
Let o(w) = 7*w**3 + 12*w**2 - 2*w - 4. Give o(-2).
-8
Let b(p) = -4*p**3 - 130*p**2 - 63*p + 29. What is b(-32)?
-3
Let x(t) = 5*t + 29. Give x(-5).
4
Let x(t) = t**3 - 28*t**2 + 51*t + 31. Calculate x(26).
5
Let q(t) = t**2 + 2*t + 1. What is q(2)?
9
Let m(n) = -6*n - 117. Calculate m(-20).
3
Let p(l) = -l**3 + 7*l**2 - 4*l + 2. Calculate p(6).
14
Let u(i) = i**3 - 7*i**2 + 10*i + 7. What is u(5)?
7
Let k(c) = 11*c**3 - 6*c**2 - 6*c - 1. What is k(-1)?
-12
Let v(y) = 2*y - 7. Give v(7).
7
Let v(i) = -8*i**2 + 3*i + 2. Give v(-1).
-9
Let m(n) = n**2 + 18*n + 24. Give m(-15).
-21
Let n(u) = u**2 + 4*u + 3. What is n(-3)?
0
Let q(d) = d**3 - 9*d**2 + d + 7. What is q(8)?
-49
Let f(w) = 2*w - 42. Give f(21).
0
Let a(d) = -3*d**2 - 14*d - 35. Determine a(-8).
-115
Let t(u) = u**3 - 8*u**2 + 13*u + 5. Determine t(4).
-7
Let s(m) = 3*m**3 - 3*m**2 - 7*m - 2. Give s(-3).
-89
Let y(t) = 3*t**3 - 34*t**2 - 20*t - 41. Determine y(12).
7
Let n(z) = 2*z**3 + 3*z**2 + 2*z - 3. What is n(-4)?
-91
Let p(m) = -3*m - 8. What is p(-4)?
4
Let b(t) = 8*t**3 - 2*t**2 - 2*t - 2. What is b(-1)?
-10
Let u(c) = 13*c + 10. Calculate u(-4).
-42
Let z(r) = 9*r + 17. Calculate z(0).
17
Let s(u) = 4*u**2 - 5*u - 85. Calculate s(-4).
-1
Let y(n) = 2*n**3 - 13*n**2 + 10*n - 14. Calculate y(6).
10
Let o(c) = 43*c + 53. Give o(-6).
-205
Let t(d) = d - 7. Give t(12).
5
Let v(u) = 4*u - 31. Determine v(5).
-11
Let z(r) = r**3 + 4*r**2 - 3*r - 21. Give z(-3).
-3
Let u(m) = 7*m**2 + 9*m + 5. Calculate u(-3).
41
Let x(a) = -a**3 + 5*a**2 - 3*a + 10. Calculate x(4).
14
Let o(x) = 2*x**3 + 35*x**2 + 51*x + 40. Calculate o(-16).
-8
Let u(c) = c - 2. Give u(3).
1
Let q(a) = -6*a**2 - 2*a - 1. Give q(-1).
-5
Let p(m) = -2*m**2 - 27*m + 35. Determine p(-15).
-10
Let d(f) = f**2 + 13. Calculate d(0).
13
Let v(y) = -2*y - 2. Give v(6).
-14
Let f(m) = m**2 - 10*m - 19. What is f(11)?
-8
Let d(x) = 88*x + 438. What is d(-5)?
-2
Let u(s) = 2*s**3 + 12*s**2 - 2*s - 11. What is u(-6)?
1
Let x(k) = -k**3 + k + 14. Determine x(0).
14
Let a(u) = -u**3 - 16*u**2 + 14*u - 23. Determine a(-17).
28
Let z(b) = -b**3 + b**2 + 10*b + 6. Determine z(-4).
46
Let j(l) = -l**3 + 33*l**2 + 3*l - 100. Give j(33).
-1
Let i(l) = 3*l - 92. What is i(24)?
-20
Let r(p) = 46*p**2 - 1. What is r(-1)?
45
Let q(z) = z**3 - 3*z**2 - 14*z + 9. Give q(-3).
-3
Let k(y) = -20*y**3 + 3*y**2 - 2. Give k(1).
-19
Let r(w) = 2*w**2 + 13*w + 12. What is r(-5)?
-